[Sun Aug 12 09:01:36.169727 2018] [:error] [pid 65412] [client 193.112.41.239:41563] script '/usr/local/apache/htdocs/fack.php' not found or unable to stat
[Sun Aug 12 09:01:37.029641 2018] [:error] [pid 65024] [client 193.112.41.239:41564] script '/usr/local/apache/htdocs/angge.php' not found or unable to stat
[Sun Aug 12 09:01:40.165195 2018] [:error] [pid 65020] [client 193.112.41.239:41565] script '/usr/local/apache/htdocs/index.php' not found or unable to stat
[Sun Aug 12 09:04:37.893512 2018] [mpm_prefork:notice] [pid 1121] AH00171: Graceful restart requested, doing restart
[Sun Aug 12 09:04:38.571922 2018] [ssl:warn] [pid 1121] AH01909: proxy-subdomains-ssl-default-vhost.localhost:443:0 server certificate does NOT include an ID which matches the server name
[Sun Aug 12 09:04:38.654306 2018] [lbmethod_heartbeat:notice] [pid 1121] AH02282: No slotmem from mod_heartmonitor
[Sun Aug 12 09:04:38.657919 2018] [:notice] [pid 1121] mod_ruid2/0.9.8 enabled
[Sun Aug 12 09:04:38.690712 2018] [mpm_prefork:notice] [pid 1121] AH00163: Apache/2.4.29 (Unix) OpenSSL/1.0.2k-fips mod_bwlimited/1.4 PHP/5.5.38 configured -- resuming normal operations
[Sun Aug 12 09:04:38.690741 2018] [core:notice] [pid 1121] AH00094: Command line: '/usr/local/apache/bin/httpd'
[Sun Aug 12 09:33:41.438103 2018] [core:error] [pid 9957] [client 85.25.185.175:42422] AH00124: Request exceeded the limit of 10 internal redirects due to probable configuration error. Use 'LimitInternalRecursion' to increase the limit if necessary. Use 'LogLevel debug' to get a backtrace.
[Sun Aug 12 09:33:41.439654 2018] [core:error] [pid 9957] [client 85.25.185.175:42422] AH00124: Request exceeded the limit of 10 internal redirects due to probable configuration error. Use 'LimitInternalRecursion' to increase the limit if necessary. Use 'LogLevel debug' to get a backtrace.
[Sun Aug 12 09:33:42.736414 2018] [core:error] [pid 11539] [client 85.25.185.175:42423] AH00124: Request exceeded the limit of 10 internal redirects due to probable configuration error. Use 'LimitInternalRecursion' to increase the limit if necessary. Use 'LogLevel debug' to get a backtrace.
[Sun Aug 12 09:33:42.736453 2018] [core:error] [pid 11539] [client 85.25.185.175:42423] AH00124: Request exceeded the limit of 10 internal redirects due to probable configuration error. Use 'LimitInternalRecursion' to increase the limit if necessary. Use 'LogLevel debug' to get a backtrace.
[Sun Aug 12 09:55:05.812332 2018] [core:error] [pid 9960] [client 193.106.30.99:42718] AH00124: Request exceeded the limit of 10 internal redirects due to probable configuration error. Use 'LimitInternalRecursion' to increase the limit if necessary. Use 'LogLevel debug' to get a backtrace.
[Sun Aug 12 09:55:05.812372 2018] [core:error] [pid 9960] [client 193.106.30.99:42718] AH00124: Request exceeded the limit of 10 internal redirects due to probable configuration error. Use 'LimitInternalRecursion' to increase the limit if necessary. Use 'LogLevel debug' to get a backtrace.
[Sun Aug 12 09:59:04.648641 2018] [core:error] [pid 11652] [client 193.106.30.99:42776] AH00124: Request exceeded the limit of 10 internal redirects due to probable configuration error. Use 'LimitInternalRecursion' to increase the limit if necessary. Use 'LogLevel debug' to get a backtrace.
[Sun Aug 12 09:59:04.648682 2018] [core:error] [pid 11652] [client 193.106.30.99:42776] AH00124: Request exceeded the limit of 10 internal redirects due to probable configuration error. Use 'LimitInternalRecursion' to increase the limit if necessary. Use 'LogLevel debug' to get a backtrace.
[Sun Aug 12 11:00:06.836105 2018] [core:error] [pid 11652] [client 193.106.30.99:44317] AH00124: Request exceeded the limit of 10 internal redirects due to probable configuration error. Use 'LimitInternalRecursion' to increase the limit if necessary. Use 'LogLevel debug' to get a backtrace.
[Sun Aug 12 11:00:06.838805 2018] [core:error] [pid 11652] [client 193.106.30.99:44317] AH00124: Request exceeded the limit of 10 internal redirects due to probable configuration error. Use 'LimitInternalRecursion' to increase the limit if necessary. Use 'LogLevel debug' to get a backtrace.
[Sun Aug 12 11:01:28.702806 2018] [mpm_prefork:notice] [pid 1121] AH00171: Graceful restart requested, doing restart
[Sun Aug 12 11:01:29.413067 2018] [ssl:warn] [pid 1121] AH01909: proxy-subdomains-ssl-default-vhost.localhost:443:0 server certificate does NOT include an ID which matches the server name
[Sun Aug 12 11:01:29.491346 2018] [lbmethod_heartbeat:notice] [pid 1121] AH02282: No slotmem from mod_heartmonitor
[Sun Aug 12 11:01:29.493973 2018] [:notice] [pid 1121] mod_ruid2/0.9.8 enabled
[Sun Aug 12 11:01:29.520773 2018] [mpm_prefork:notice] [pid 1121] AH00163: Apache/2.4.29 (Unix) OpenSSL/1.0.2k-fips mod_bwlimited/1.4 PHP/5.5.38 configured -- resuming normal operations
[Sun Aug 12 11:01:29.520800 2018] [core:notice] [pid 1121] AH00094: Command line: '/usr/local/apache/bin/httpd'
[Sun Aug 12 11:07:51.902661 2018] [:error] [pid 19842] [client 193.106.30.99:44435] script '/home/lightco1/public_html/lightingrepublic.eu/test.php' not found or unable to stat
[Sun Aug 12 11:28:53.283749 2018] [:error] [pid 20706] [client 193.106.30.99:45140] script '/home/lightco1/elsteadlighting.com.au/test.php' not found or unable to stat
[Sun Aug 12 11:34:01.593750 2018] [core:error] [pid 21350] [client 193.106.30.99:45164] AH00124: Request exceeded the limit of 10 internal redirects due to probable configuration error. Use 'LimitInternalRecursion' to increase the limit if necessary. Use 'LogLevel debug' to get a backtrace.
[Sun Aug 12 11:34:01.593819 2018] [core:error] [pid 21350] [client 193.106.30.99:45164] AH00124: Request exceeded the limit of 10 internal redirects due to probable configuration error. Use 'LimitInternalRecursion' to increase the limit if necessary. Use 'LogLevel debug' to get a backtrace.
[Sun Aug 12 11:56:32.796789 2018] [core:error] [pid 21372] [client 193.106.30.99:45324] AH00124: Request exceeded the limit of 10 internal redirects due to probable configuration error. Use 'LimitInternalRecursion' to increase the limit if necessary. Use 'LogLevel debug' to get a backtrace.
[Sun Aug 12 11:56:32.796838 2018] [core:error] [pid 21372] [client 193.106.30.99:45324] AH00124: Request exceeded the limit of 10 internal redirects due to probable configuration error. Use 'LimitInternalRecursion' to increase the limit if necessary. Use 'LogLevel debug' to get a backtrace.
[Sun Aug 12 12:29:29.597359 2018] [:error] [pid 20706] [client 185.234.217.58:46777] script '/home/lightco1/elsteadlighting.com.au/wp-login.php' not found or unable to stat, referer: http://elsteadlighting.com.au/wp-login.php
[Sun Aug 12 12:29:29.943107 2018] [:error] [pid 21372] [client 185.234.217.58:46778] script '/home/lightco1/elsteadlighting.com.au/wp-login.php' not found or unable to stat, referer: http://elsteadlighting.com.au/wp-login.php
[Sun Aug 12 12:52:14.479815 2018] [core:error] [pid 19518] [client 193.106.30.99:47954] AH00124: Request exceeded the limit of 10 internal redirects due to probable configuration error. Use 'LimitInternalRecursion' to increase the limit if necessary. Use 'LogLevel debug' to get a backtrace.
[Sun Aug 12 12:52:14.504927 2018] [core:error] [pid 19518] [client 193.106.30.99:47954] AH00124: Request exceeded the limit of 10 internal redirects due to probable configuration error. Use 'LimitInternalRecursion' to increase the limit if necessary. Use 'LogLevel debug' to get a backtrace.
[Sun Aug 12 13:15:06.772811 2018] [mpm_prefork:notice] [pid 1121] AH00171: Graceful restart requested, doing restart
[Sun Aug 12 13:15:07.551065 2018] [ssl:warn] [pid 1121] AH01909: proxy-subdomains-ssl-default-vhost.localhost:443:0 server certificate does NOT include an ID which matches the server name
[Sun Aug 12 13:15:07.666358 2018] [lbmethod_heartbeat:notice] [pid 1121] AH02282: No slotmem from mod_heartmonitor
[Sun Aug 12 13:15:07.671035 2018] [:notice] [pid 1121] mod_ruid2/0.9.8 enabled
[Sun Aug 12 13:15:07.748207 2018] [mpm_prefork:notice] [pid 1121] AH00163: Apache/2.4.29 (Unix) OpenSSL/1.0.2k-fips mod_bwlimited/1.4 PHP/5.5.38 configured -- resuming normal operations
[Sun Aug 12 13:15:07.748232 2018] [core:notice] [pid 1121] AH00094: Command line: '/usr/local/apache/bin/httpd'
[Sun Aug 12 13:15:53.266900 2018] [core:error] [pid 30779] [client 193.106.30.99:49647] AH00124: Request exceeded the limit of 10 internal redirects due to probable configuration error. Use 'LimitInternalRecursion' to increase the limit if necessary. Use 'LogLevel debug' to get a backtrace.
[Sun Aug 12 13:15:53.266956 2018] [core:error] [pid 30779] [client 193.106.30.99:49647] AH00124: Request exceeded the limit of 10 internal redirects due to probable configuration error. Use 'LimitInternalRecursion' to increase the limit if necessary. Use 'LogLevel debug' to get a backtrace.
[Sun Aug 12 13:33:52.778060 2018] [:error] [pid 30988] [client 193.106.30.99:50751] script '/home/lightco1/public_html/lightcolabs.com/test.php' not found or unable to stat
[Sun Aug 12 15:11:59.896799 2018] [mpm_prefork:notice] [pid 1121] AH00171: Graceful restart requested, doing restart
[Sun Aug 12 15:12:00.460509 2018] [ssl:warn] [pid 1121] AH01909: proxy-subdomains-ssl-default-vhost.localhost:443:0 server certificate does NOT include an ID which matches the server name
[Sun Aug 12 15:12:00.543747 2018] [lbmethod_heartbeat:notice] [pid 1121] AH02282: No slotmem from mod_heartmonitor
[Sun Aug 12 15:12:00.547682 2018] [:notice] [pid 1121] mod_ruid2/0.9.8 enabled
[Sun Aug 12 15:12:00.570750 2018] [mpm_prefork:notice] [pid 1121] AH00163: Apache/2.4.29 (Unix) OpenSSL/1.0.2k-fips mod_bwlimited/1.4 PHP/5.5.38 configured -- resuming normal operations
[Sun Aug 12 15:12:00.570777 2018] [core:notice] [pid 1121] AH00094: Command line: '/usr/local/apache/bin/httpd'
[Sun Aug 12 17:08:53.175799 2018] [mpm_prefork:notice] [pid 1121] AH00171: Graceful restart requested, doing restart
[Sun Aug 12 17:08:53.588913 2018] [ssl:warn] [pid 1121] AH01909: proxy-subdomains-ssl-default-vhost.localhost:443:0 server certificate does NOT include an ID which matches the server name
[Sun Aug 12 17:08:53.679096 2018] [lbmethod_heartbeat:notice] [pid 1121] AH02282: No slotmem from mod_heartmonitor
[Sun Aug 12 17:08:53.682393 2018] [:notice] [pid 1121] mod_ruid2/0.9.8 enabled
[Sun Aug 12 17:08:53.717565 2018] [mpm_prefork:notice] [pid 1121] AH00163: Apache/2.4.29 (Unix) OpenSSL/1.0.2k-fips mod_bwlimited/1.4 PHP/5.5.38 configured -- resuming normal operations
[Sun Aug 12 17:08:53.717604 2018] [core:notice] [pid 1121] AH00094: Command line: '/usr/local/apache/bin/httpd'
[Sun Aug 12 17:30:33.159411 2018] [core:error] [pid 50114] [client 193.106.30.99:58775] AH00124: Request exceeded the limit of 10 internal redirects due to probable configuration error. Use 'LimitInternalRecursion' to increase the limit if necessary. Use 'LogLevel debug' to get a backtrace.
[Sun Aug 12 17:30:33.159477 2018] [core:error] [pid 50114] [client 193.106.30.99:58775] AH00124: Request exceeded the limit of 10 internal redirects due to probable configuration error. Use 'LimitInternalRecursion' to increase the limit if necessary. Use 'LogLevel debug' to get a backtrace.
[Sun Aug 12 17:36:39.670742 2018] [core:error] [pid 50975] [client 193.106.30.99:58810] AH00124: Request exceeded the limit of 10 internal redirects due to probable configuration error. Use 'LimitInternalRecursion' to increase the limit if necessary. Use 'LogLevel debug' to get a backtrace.
[Sun Aug 12 17:36:39.670787 2018] [core:error] [pid 50975] [client 193.106.30.99:58810] AH00124: Request exceeded the limit of 10 internal redirects due to probable configuration error. Use 'LimitInternalRecursion' to increase the limit if necessary. Use 'LogLevel debug' to get a backtrace.
[Sun Aug 12 18:34:05.940821 2018] [core:error] [pid 50975] [client 193.106.30.99:33172] AH00124: Request exceeded the limit of 10 internal redirects due to probable configuration error. Use 'LimitInternalRecursion' to increase the limit if necessary. Use 'LogLevel debug' to get a backtrace.
[Sun Aug 12 18:34:05.946084 2018] [core:error] [pid 50975] [client 193.106.30.99:33172] AH00124: Request exceeded the limit of 10 internal redirects due to probable configuration error. Use 'LimitInternalRecursion' to increase the limit if necessary. Use 'LogLevel debug' to get a backtrace.
[Sun Aug 12 18:43:00.097622 2018] [:error] [pid 53891] [client 193.106.30.99:33223] script '/home/lightco1/public_html/lightingrepublic.eu/log.php' not found or unable to stat
[Sun Aug 12 19:05:44.256791 2018] [mpm_prefork:notice] [pid 1121] AH00171: Graceful restart requested, doing restart
[Sun Aug 12 19:05:44.719061 2018] [ssl:warn] [pid 1121] AH01909: proxy-subdomains-ssl-default-vhost.localhost:443:0 server certificate does NOT include an ID which matches the server name
[Sun Aug 12 19:05:44.815781 2018] [lbmethod_heartbeat:notice] [pid 1121] AH02282: No slotmem from mod_heartmonitor
[Sun Aug 12 19:05:44.819197 2018] [:notice] [pid 1121] mod_ruid2/0.9.8 enabled
[Sun Aug 12 19:05:44.921033 2018] [mpm_prefork:notice] [pid 1121] AH00163: Apache/2.4.29 (Unix) OpenSSL/1.0.2k-fips mod_bwlimited/1.4 PHP/5.5.38 configured -- resuming normal operations
[Sun Aug 12 19:05:44.921066 2018] [core:notice] [pid 1121] AH00094: Command line: '/usr/local/apache/bin/httpd'
[Sun Aug 12 19:07:36.509240 2018] [:error] [pid 59415] [client 193.106.30.99:34478] script '/home/lightco1/elsteadlighting.com.au/log.php' not found or unable to stat
[Sun Aug 12 19:07:42.691800 2018] [core:crit] [pid 59408] (13)Permission denied: [client 192.3.163.106:38792] AH00529: /home/lightco1/public_html/.htaccess pcfg_openfile: unable to check htaccess file, ensure it is readable and that '/home/lightco1/public_html/' is executable
[Sun Aug 12 19:08:10.888081 2018] [core:crit] [pid 59415] (13)Permission denied: [client 192.3.163.106:39022] AH00529: /home/lightco1/public_html/.htaccess pcfg_openfile: unable to check htaccess file, ensure it is readable and that '/home/lightco1/public_html/' is executable
[Sun Aug 12 19:15:03.526339 2018] [core:error] [pid 59412] [client 193.106.30.99:34626] AH00124: Request exceeded the limit of 10 internal redirects due to probable configuration error. Use 'LimitInternalRecursion' to increase the limit if necessary. Use 'LogLevel debug' to get a backtrace.
[Sun Aug 12 19:15:03.526398 2018] [core:error] [pid 59412] [client 193.106.30.99:34626] AH00124: Request exceeded the limit of 10 internal redirects due to probable configuration error. Use 'LimitInternalRecursion' to increase the limit if necessary. Use 'LogLevel debug' to get a backtrace.
[Sun Aug 12 19:29:07.752754 2018] [core:error] [pid 59409] [client 185.234.217.109:34968] AH00124: Request exceeded the limit of 10 internal redirects due to probable configuration error. Use 'LimitInternalRecursion' to increase the limit if necessary. Use 'LogLevel debug' to get a backtrace., referer: http://elstead.com.au/wp-login.php
[Sun Aug 12 19:29:07.752829 2018] [core:error] [pid 59409] [client 185.234.217.109:34968] AH00124: Request exceeded the limit of 10 internal redirects due to probable configuration error. Use 'LimitInternalRecursion' to increase the limit if necessary. Use 'LogLevel debug' to get a backtrace., referer: http://elstead.com.au/wp-login.php
[Sun Aug 12 19:29:08.089151 2018] [core:error] [pid 59508] [client 185.234.217.109:34969] AH00124: Request exceeded the limit of 10 internal redirects due to probable configuration error. Use 'LimitInternalRecursion' to increase the limit if necessary. Use 'LogLevel debug' to get a backtrace., referer: http://elstead.com.au/wp-login.php
[Sun Aug 12 19:29:08.089200 2018] [core:error] [pid 59508] [client 185.234.217.109:34969] AH00124: Request exceeded the limit of 10 internal redirects due to probable configuration error. Use 'LimitInternalRecursion' to increase the limit if necessary. Use 'LogLevel debug' to get a backtrace., referer: http://elstead.com.au/wp-login.php
[Sun Aug 12 19:37:58.854247 2018] [core:error] [pid 59412] [client 193.106.30.99:35275] AH00124: Request exceeded the limit of 10 internal redirects due to probable configuration error. Use 'LimitInternalRecursion' to increase the limit if necessary. Use 'LogLevel debug' to get a backtrace.
[Sun Aug 12 19:37:58.854292 2018] [core:error] [pid 59412] [client 193.106.30.99:35275] AH00124: Request exceeded the limit of 10 internal redirects due to probable configuration error. Use 'LimitInternalRecursion' to increase the limit if necessary. Use 'LogLevel debug' to get a backtrace.
[Sun Aug 12 20:34:05.109376 2018] [core:error] [pid 59410] [client 193.106.30.99:38066] AH00124: Request exceeded the limit of 10 internal redirects due to probable configuration error. Use 'LimitInternalRecursion' to increase the limit if necessary. Use 'LogLevel debug' to get a backtrace.
[Sun Aug 12 20:34:05.111754 2018] [core:error] [pid 59410] [client 193.106.30.99:38066] AH00124: Request exceeded the limit of 10 internal redirects due to probable configuration error. Use 'LimitInternalRecursion' to increase the limit if necessary. Use 'LogLevel debug' to get a backtrace.
[Sun Aug 12 20:58:32.375245 2018] [core:error] [pid 2036] [client 193.106.30.99:39771] AH00124: Request exceeded the limit of 10 internal redirects due to probable configuration error. Use 'LimitInternalRecursion' to increase the limit if necessary. Use 'LogLevel debug' to get a backtrace.
[Sun Aug 12 20:58:32.375320 2018] [core:error] [pid 2036] [client 193.106.30.99:39771] AH00124: Request exceeded the limit of 10 internal redirects due to probable configuration error. Use 'LimitInternalRecursion' to increase the limit if necessary. Use 'LogLevel debug' to get a backtrace.
[Sun Aug 12 21:02:35.864985 2018] [mpm_prefork:notice] [pid 1121] AH00171: Graceful restart requested, doing restart
[Sun Aug 12 21:02:36.492693 2018] [ssl:warn] [pid 1121] AH01909: proxy-subdomains-ssl-default-vhost.localhost:443:0 server certificate does NOT include an ID which matches the server name
[Sun Aug 12 21:02:36.792849 2018] [lbmethod_heartbeat:notice] [pid 1121] AH02282: No slotmem from mod_heartmonitor
[Sun Aug 12 21:02:36.802113 2018] [:notice] [pid 1121] mod_ruid2/0.9.8 enabled
[Sun Aug 12 21:02:36.864095 2018] [mpm_prefork:notice] [pid 1121] AH00163: Apache/2.4.29 (Unix) OpenSSL/1.0.2k-fips mod_bwlimited/1.4 PHP/5.5.38 configured -- resuming normal operations
[Sun Aug 12 21:02:36.864121 2018] [core:notice] [pid 1121] AH00094: Command line: '/usr/local/apache/bin/httpd'
[Sun Aug 12 21:18:59.667379 2018] [:error] [pid 4334] [client 193.106.30.99:40908] script '/home/lightco1/public_html/lightcolabs.com/log.php' not found or unable to stat
[Sun Aug 12 21:31:44.302429 2018] [autoindex:error] [pid 4104] [client 142.93.72.239:41109] AH01276: Cannot serve directory /home/lightco1/public_html/lightco.com.au/: No matching DirectoryIndex (index.html.var,index.htm,index.html,index.shtml,index.xhtml,index.wml,index.perl,index.pl,index.plx,index.ppl,index.cgi,index.jsp,index.js,index.jp,index.php4,index.php3,index.php,index.phtml,default.htm,default.html,home.htm,index.php5,Default.html,Default.htm,home.html) found, and server-generated directory index forbidden by Options directive
[Sun Aug 12 22:00:52.095344 2018] [core:error] [pid 4102] [client 185.234.217.67:42439] AH00124: Request exceeded the limit of 10 internal redirects due to probable configuration error. Use 'LimitInternalRecursion' to increase the limit if necessary. Use 'LogLevel debug' to get a backtrace., referer: http://ilfanale.com.au/wp-login.php
[Sun Aug 12 22:00:52.098685 2018] [core:error] [pid 4102] [client 185.234.217.67:42439] AH00124: Request exceeded the limit of 10 internal redirects due to probable configuration error. Use 'LimitInternalRecursion' to increase the limit if necessary. Use 'LogLevel debug' to get a backtrace., referer: http://ilfanale.com.au/wp-login.php
[Sun Aug 12 22:00:52.651039 2018] [core:error] [pid 4112] [client 185.234.217.67:42440] AH00124: Request exceeded the limit of 10 internal redirects due to probable configuration error. Use 'LimitInternalRecursion' to increase the limit if necessary. Use 'LogLevel debug' to get a backtrace., referer: http://ilfanale.com.au/wp-login.php
[Sun Aug 12 22:00:52.651127 2018] [core:error] [pid 4112] [client 185.234.217.67:42440] AH00124: Request exceeded the limit of 10 internal redirects due to probable configuration error. Use 'LimitInternalRecursion' to increase the limit if necessary. Use 'LogLevel debug' to get a backtrace., referer: http://ilfanale.com.au/wp-login.php
[Sun Aug 12 22:01:25.178590 2018] [mpm_prefork:notice] [pid 1121] AH00171: Graceful restart requested, doing restart
[Sun Aug 12 22:01:26.558179 2018] [ssl:warn] [pid 1121] AH01909: proxy-subdomains-ssl-default-vhost.localhost:443:0 server certificate does NOT include an ID which matches the server name
[Sun Aug 12 22:01:26.653556 2018] [lbmethod_heartbeat:notice] [pid 1121] AH02282: No slotmem from mod_heartmonitor
[Sun Aug 12 22:01:26.661147 2018] [:notice] [pid 1121] mod_ruid2/0.9.8 enabled
[Sun Aug 12 22:01:26.732392 2018] [mpm_prefork:notice] [pid 1121] AH00163: Apache/2.4.29 (Unix) OpenSSL/1.0.2k-fips mod_bwlimited/1.4 PHP/5.5.38 configured -- resuming normal operations
[Sun Aug 12 22:01:26.732420 2018] [core:notice] [pid 1121] AH00094: Command line: '/usr/local/apache/bin/httpd'
[Sun Aug 12 22:41:30.616044 2018] [core:error] [pid 9965] [client 89.28.24.190:43842] AH00124: Request exceeded the limit of 10 internal redirects due to probable configuration error. Use 'LimitInternalRecursion' to increase the limit if necessary. Use 'LogLevel debug' to get a backtrace., referer: http://ilfanale.com.au/component/users/?view=login
[Sun Aug 12 22:41:30.646407 2018] [core:error] [pid 9965] [client 89.28.24.190:43842] AH00124: Request exceeded the limit of 10 internal redirects due to probable configuration error. Use 'LimitInternalRecursion' to increase the limit if necessary. Use 'LogLevel debug' to get a backtrace., referer: http://ilfanale.com.au/component/users/?view=login
[Sun Aug 12 22:41:32.232984 2018] [core:error] [pid 9964] [client 89.28.24.190:43845] AH00124: Request exceeded the limit of 10 internal redirects due to probable configuration error. Use 'LimitInternalRecursion' to increase the limit if necessary. Use 'LogLevel debug' to get a backtrace., referer: http://ilfanale.com.au/component/users/?view=login
[Sun Aug 12 22:41:32.233058 2018] [core:error] [pid 9964] [client 89.28.24.190:43845] AH00124: Request exceeded the limit of 10 internal redirects due to probable configuration error. Use 'LimitInternalRecursion' to increase the limit if necessary. Use 'LogLevel debug' to get a backtrace., referer: http://ilfanale.com.au/component/users/?view=login
[Sun Aug 12 23:00:28.940346 2018] [mpm_prefork:notice] [pid 1121] AH00171: Graceful restart requested, doing restart
[Sun Aug 12 23:00:29.330847 2018] [ssl:warn] [pid 1121] AH01909: proxy-subdomains-ssl-default-vhost.localhost:443:0 server certificate does NOT include an ID which matches the server name
[Sun Aug 12 23:00:29.407139 2018] [lbmethod_heartbeat:notice] [pid 1121] AH02282: No slotmem from mod_heartmonitor
[Sun Aug 12 23:00:29.410824 2018] [:notice] [pid 1121] mod_ruid2/0.9.8 enabled
[Sun Aug 12 23:00:29.456758 2018] [mpm_prefork:notice] [pid 1121] AH00163: Apache/2.4.29 (Unix) OpenSSL/1.0.2k-fips mod_bwlimited/1.4 PHP/5.5.38 configured -- resuming normal operations
[Sun Aug 12 23:00:29.456785 2018] [core:notice] [pid 1121] AH00094: Command line: '/usr/local/apache/bin/httpd'
[Sun Aug 12 23:35:15.052678 2018] [mpm_prefork:notice] [pid 1121] AH00171: Graceful restart requested, doing restart
[Sun Aug 12 23:35:15.541245 2018] [ssl:warn] [pid 1121] AH01909: proxy-subdomains-ssl-default-vhost.localhost:443:0 server certificate does NOT include an ID which matches the server name
[Sun Aug 12 23:35:15.624187 2018] [lbmethod_heartbeat:notice] [pid 1121] AH02282: No slotmem from mod_heartmonitor
[Sun Aug 12 23:35:15.627573 2018] [:notice] [pid 1121] mod_ruid2/0.9.8 enabled
[Sun Aug 12 23:35:15.659519 2018] [mpm_prefork:notice] [pid 1121] AH00163: Apache/2.4.29 (Unix) OpenSSL/1.0.2k-fips mod_bwlimited/1.4 PHP/5.5.38 configured -- resuming normal operations
[Sun Aug 12 23:35:15.659557 2018] [core:notice] [pid 1121] AH00094: Command line: '/usr/local/apache/bin/httpd'
[Sun Aug 12 23:54:00.832013 2018] [core:error] [pid 19508] [client 216.244.66.250:46089] AH00124: Request exceeded the limit of 10 internal redirects due to probable configuration error. Use 'LimitInternalRecursion' to increase the limit if necessary. Use 'LogLevel debug' to get a backtrace.
[Sun Aug 12 23:54:00.832066 2018] [core:error] [pid 19508] [client 216.244.66.250:46089] AH00124: Request exceeded the limit of 10 internal redirects due to probable configuration error. Use 'LimitInternalRecursion' to increase the limit if necessary. Use 'LogLevel debug' to get a backtrace.
[Mon Aug 13 00:26:26.765154 2018] [core:error] [pid 19640] [client 162.247.74.201:46529] AH00124: Request exceeded the limit of 10 internal redirects due to probable configuration error. Use 'LimitInternalRecursion' to increase the limit if necessary. Use 'LogLevel debug' to get a backtrace.
[Mon Aug 13 00:26:26.767457 2018] [core:error] [pid 19640] [client 162.247.74.201:46529] AH00124: Request exceeded the limit of 10 internal redirects due to probable configuration error. Use 'LimitInternalRecursion' to increase the limit if necessary. Use 'LogLevel debug' to get a backtrace.
[Mon Aug 13 00:42:25.203985 2018] [ssl:error] [pid 18982] AH02032: Hostname 203.143.88.233 provided via SNI and hostname webdisk.lightco.com.au provided via HTTP have no compatible SSL setup
[Mon Aug 13 00:42:25.204587 2018] [ssl:error] [pid 18999] AH02032: Hostname 203.143.88.233 provided via SNI and hostname cpanel.lightco.com.au provided via HTTP have no compatible SSL setup
[Mon Aug 13 00:42:25.220463 2018] [ssl:error] [pid 19640] AH02032: Hostname 203.143.88.233 provided via SNI and hostname mail.lightco.com.au provided via HTTP have no compatible SSL setup
[Mon Aug 13 00:42:25.247178 2018] [ssl:error] [pid 18985] AH02032: Hostname 203.143.88.233 provided via SNI and hostname webmail.lightco.com.au provided via HTTP have no compatible SSL setup
[Mon Aug 13 00:42:25.247672 2018] [ssl:error] [pid 18984] AH02032: Hostname 203.143.88.233 provided via SNI and hostname lightco.com.au provided via HTTP have no compatible SSL setup
[Mon Aug 13 00:42:25.502988 2018] [ssl:error] [pid 18981] AH02032: Hostname 203.143.88.233 provided via SNI and hostname www.lightco.com.au provided via HTTP have no compatible SSL setup
[Mon Aug 13 00:42:25.774936 2018] [ssl:error] [pid 18983] AH02032: Hostname 203.143.88.233 provided via SNI and hostname cpanel.lightco.com.au provided via HTTP have no compatible SSL setup
[Mon Aug 13 00:42:25.779857 2018] [ssl:error] [pid 19641] AH02032: Hostname 203.143.88.233 provided via SNI and hostname mail.lightco.com.au provided via HTTP have no compatible SSL setup
[Mon Aug 13 00:42:25.785079 2018] [ssl:error] [pid 19557] AH02032: Hostname 203.143.88.233 provided via SNI and hostname lightco.com.au provided via HTTP have no compatible SSL setup
[Mon Aug 13 00:42:25.788591 2018] [ssl:error] [pid 19508] AH02032: Hostname 203.143.88.233 provided via SNI and hostname www.lightco.com.au provided via HTTP have no compatible SSL setup
[Mon Aug 13 00:42:26.117070 2018] [ssl:error] [pid 18982] AH02032: Hostname 203.143.88.233 provided via SNI and hostname webdisk.lightco.com.au provided via HTTP have no compatible SSL setup
[Mon Aug 13 00:42:26.136953 2018] [ssl:error] [pid 18999] AH02032: Hostname 203.143.88.233 provided via SNI and hostname webmail.lightco.com.au provided via HTTP have no compatible SSL setup
[Mon Aug 13 00:42:26.176236 2018] [ssl:error] [pid 19640] AH02032: Hostname 203.143.88.233 provided via SNI and hostname lightco.com.au provided via HTTP have no compatible SSL setup
[Mon Aug 13 00:42:26.218086 2018] [ssl:error] [pid 18985] AH02032: Hostname 203.143.88.233 provided via SNI and hostname mail.lightco.com.au provided via HTTP have no compatible SSL setup
[Mon Aug 13 00:42:26.252405 2018] [ssl:error] [pid 18984] AH02032: Hostname 203.143.88.233 provided via SNI and hostname webdisk.lightco.com.au provided via HTTP have no compatible SSL setup
[Mon Aug 13 00:42:26.496841 2018] [ssl:error] [pid 18981] AH02032: Hostname 203.143.88.233 provided via SNI and hostname webmail.lightco.com.au provided via HTTP have no compatible SSL setup
[Mon Aug 13 00:42:26.633207 2018] [ssl:error] [pid 24595] AH02032: Hostname 203.143.88.233 provided via SNI and hostname www.lightco.com.au provided via HTTP have no compatible SSL setup
[Mon Aug 13 00:42:26.839551 2018] [ssl:error] [pid 18983] AH02032: Hostname 203.143.88.233 provided via SNI and hostname cpanel.lightco.com.au provided via HTTP have no compatible SSL setup
[Mon Aug 13 01:01:12.998593 2018] [core:error] [pid 19640] [client 216.244.66.250:46917] AH00124: Request exceeded the limit of 10 internal redirects due to probable configuration error. Use 'LimitInternalRecursion' to increase the limit if necessary. Use 'LogLevel debug' to get a backtrace.
[Mon Aug 13 01:01:13.000522 2018] [core:error] [pid 19640] [client 216.244.66.250:46917] AH00124: Request exceeded the limit of 10 internal redirects due to probable configuration error. Use 'LimitInternalRecursion' to increase the limit if necessary. Use 'LogLevel debug' to get a backtrace.
[Mon Aug 13 01:12:32.033261 2018] [core:error] [pid 19557] [client 173.208.200.154:47407] AH00124: Request exceeded the limit of 10 internal redirects due to probable configuration error. Use 'LimitInternalRecursion' to increase the limit if necessary. Use 'LogLevel debug' to get a backtrace.
[Mon Aug 13 01:12:32.033357 2018] [core:error] [pid 19557] [client 173.208.200.154:47407] AH00124: Request exceeded the limit of 10 internal redirects due to probable configuration error. Use 'LimitInternalRecursion' to increase the limit if necessary. Use 'LogLevel debug' to get a backtrace.
[Mon Aug 13 01:12:36.559781 2018] [core:error] [pid 18983] [client 173.208.200.154:47408] AH00124: Request exceeded the limit of 10 internal redirects due to probable configuration error. Use 'LimitInternalRecursion' to increase the limit if necessary. Use 'LogLevel debug' to get a backtrace.
[Mon Aug 13 01:12:36.559831 2018] [core:error] [pid 18983] [client 173.208.200.154:47408] AH00124: Request exceeded the limit of 10 internal redirects due to probable configuration error. Use 'LimitInternalRecursion' to increase the limit if necessary. Use 'LogLevel debug' to get a backtrace.
[Mon Aug 13 01:12:39.134648 2018] [core:error] [pid 18982] [client 173.208.200.154:47409] AH00124: Request exceeded the limit of 10 internal redirects due to probable configuration error. Use 'LimitInternalRecursion' to increase the limit if necessary. Use 'LogLevel debug' to get a backtrace.
[Mon Aug 13 01:12:39.134722 2018] [core:error] [pid 18982] [client 173.208.200.154:47409] AH00124: Request exceeded the limit of 10 internal redirects due to probable configuration error. Use 'LimitInternalRecursion' to increase the limit if necessary. Use 'LogLevel debug' to get a backtrace.
[Mon Aug 13 01:12:45.336081 2018] [core:error] [pid 18981] [client 173.208.200.154:47410] AH00124: Request exceeded the limit of 10 internal redirects due to probable configuration error. Use 'LimitInternalRecursion' to increase the limit if necessary. Use 'LogLevel debug' to get a backtrace.
[Mon Aug 13 01:12:45.336148 2018] [core:error] [pid 18981] [client 173.208.200.154:47410] AH00124: Request exceeded the limit of 10 internal redirects due to probable configuration error. Use 'LimitInternalRecursion' to increase the limit if necessary. Use 'LogLevel debug' to get a backtrace.
[Mon Aug 13 01:12:49.764782 2018] [core:error] [pid 18999] [client 173.208.200.154:47411] AH00124: Request exceeded the limit of 10 internal redirects due to probable configuration error. Use 'LimitInternalRecursion' to increase the limit if necessary. Use 'LogLevel debug' to get a backtrace.
[Mon Aug 13 01:12:49.764860 2018] [core:error] [pid 18999] [client 173.208.200.154:47411] AH00124: Request exceeded the limit of 10 internal redirects due to probable configuration error. Use 'LimitInternalRecursion' to increase the limit if necessary. Use 'LogLevel debug' to get a backtrace.
[Mon Aug 13 01:12:58.797029 2018] [core:error] [pid 19508] [client 173.208.200.154:47412] AH00124: Request exceeded the limit of 10 internal redirects due to probable configuration error. Use 'LimitInternalRecursion' to increase the limit if necessary. Use 'LogLevel debug' to get a backtrace.
[Mon Aug 13 01:12:58.797082 2018] [core:error] [pid 19508] [client 173.208.200.154:47412] AH00124: Request exceeded the limit of 10 internal redirects due to probable configuration error. Use 'LimitInternalRecursion' to increase the limit if necessary. Use 'LogLevel debug' to get a backtrace.
[Mon Aug 13 01:13:02.794282 2018] [core:error] [pid 18985] [client 173.208.200.154:47414] AH00124: Request exceeded the limit of 10 internal redirects due to probable configuration error. Use 'LimitInternalRecursion' to increase the limit if necessary. Use 'LogLevel debug' to get a backtrace.
[Mon Aug 13 01:13:02.794335 2018] [core:error] [pid 18985] [client 173.208.200.154:47414] AH00124: Request exceeded the limit of 10 internal redirects due to probable configuration error. Use 'LimitInternalRecursion' to increase the limit if necessary. Use 'LogLevel debug' to get a backtrace.
[Mon Aug 13 01:13:07.122414 2018] [core:error] [pid 19557] [client 173.208.200.154:47417] AH00124: Request exceeded the limit of 10 internal redirects due to probable configuration error. Use 'LimitInternalRecursion' to increase the limit if necessary. Use 'LogLevel debug' to get a backtrace.
[Mon Aug 13 01:13:07.122475 2018] [core:error] [pid 19557] [client 173.208.200.154:47417] AH00124: Request exceeded the limit of 10 internal redirects due to probable configuration error. Use 'LimitInternalRecursion' to increase the limit if necessary. Use 'LogLevel debug' to get a backtrace.
[Mon Aug 13 01:13:11.422170 2018] [core:error] [pid 18983] [client 173.208.200.154:47418] AH00124: Request exceeded the limit of 10 internal redirects due to probable configuration error. Use 'LimitInternalRecursion' to increase the limit if necessary. Use 'LogLevel debug' to get a backtrace.
[Mon Aug 13 01:13:11.422220 2018] [core:error] [pid 18983] [client 173.208.200.154:47418] AH00124: Request exceeded the limit of 10 internal redirects due to probable configuration error. Use 'LimitInternalRecursion' to increase the limit if necessary. Use 'LogLevel debug' to get a backtrace.
[Mon Aug 13 01:13:16.411645 2018] [core:error] [pid 18982] [client 173.208.200.154:47419] AH00124: Request exceeded the limit of 10 internal redirects due to probable configuration error. Use 'LimitInternalRecursion' to increase the limit if necessary. Use 'LogLevel debug' to get a backtrace.
[Mon Aug 13 01:13:16.411748 2018] [core:error] [pid 18982] [client 173.208.200.154:47419] AH00124: Request exceeded the limit of 10 internal redirects due to probable configuration error. Use 'LimitInternalRecursion' to increase the limit if necessary. Use 'LogLevel debug' to get a backtrace.
[Mon Aug 13 01:13:20.003248 2018] [core:error] [pid 18981] [client 173.208.200.154:47420] AH00124: Request exceeded the limit of 10 internal redirects due to probable configuration error. Use 'LimitInternalRecursion' to increase the limit if necessary. Use 'LogLevel debug' to get a backtrace.
[Mon Aug 13 01:13:20.003305 2018] [core:error] [pid 18981] [client 173.208.200.154:47420] AH00124: Request exceeded the limit of 10 internal redirects due to probable configuration error. Use 'LimitInternalRecursion' to increase the limit if necessary. Use 'LogLevel debug' to get a backtrace.
[Mon Aug 13 01:13:24.742068 2018] [core:error] [pid 18999] [client 173.208.200.154:47421] AH00124: Request exceeded the limit of 10 internal redirects due to probable configuration error. Use 'LimitInternalRecursion' to increase the limit if necessary. Use 'LogLevel debug' to get a backtrace.
[Mon Aug 13 01:13:24.742137 2018] [core:error] [pid 18999] [client 173.208.200.154:47421] AH00124: Request exceeded the limit of 10 internal redirects due to probable configuration error. Use 'LimitInternalRecursion' to increase the limit if necessary. Use 'LogLevel debug' to get a backtrace.
[Mon Aug 13 01:13:28.897933 2018] [core:error] [pid 19508] [client 173.208.200.154:47422] AH00124: Request exceeded the limit of 10 internal redirects due to probable configuration error. Use 'LimitInternalRecursion' to increase the limit if necessary. Use 'LogLevel debug' to get a backtrace.
[Mon Aug 13 01:13:28.897987 2018] [core:error] [pid 19508] [client 173.208.200.154:47422] AH00124: Request exceeded the limit of 10 internal redirects due to probable configuration error. Use 'LimitInternalRecursion' to increase the limit if necessary. Use 'LogLevel debug' to get a backtrace.
[Mon Aug 13 01:13:34.619270 2018] [core:error] [pid 19640] [client 173.208.200.154:47423] AH00124: Request exceeded the limit of 10 internal redirects due to probable configuration error. Use 'LimitInternalRecursion' to increase the limit if necessary. Use 'LogLevel debug' to get a backtrace.
[Mon Aug 13 01:13:34.619335 2018] [core:error] [pid 19640] [client 173.208.200.154:47423] AH00124: Request exceeded the limit of 10 internal redirects due to probable configuration error. Use 'LimitInternalRecursion' to increase the limit if necessary. Use 'LogLevel debug' to get a backtrace.
[Mon Aug 13 01:13:38.619979 2018] [core:error] [pid 18985] [client 173.208.200.154:47424] AH00124: Request exceeded the limit of 10 internal redirects due to probable configuration error. Use 'LimitInternalRecursion' to increase the limit if necessary. Use 'LogLevel debug' to get a backtrace.
[Mon Aug 13 01:13:38.620038 2018] [core:error] [pid 18985] [client 173.208.200.154:47424] AH00124: Request exceeded the limit of 10 internal redirects due to probable configuration error. Use 'LimitInternalRecursion' to increase the limit if necessary. Use 'LogLevel debug' to get a backtrace.
[Mon Aug 13 01:13:42.665050 2018] [core:error] [pid 24595] [client 173.208.200.154:47425] AH00124: Request exceeded the limit of 10 internal redirects due to probable configuration error. Use 'LimitInternalRecursion' to increase the limit if necessary. Use 'LogLevel debug' to get a backtrace.
[Mon Aug 13 01:13:42.665126 2018] [core:error] [pid 24595] [client 173.208.200.154:47425] AH00124: Request exceeded the limit of 10 internal redirects due to probable configuration error. Use 'LimitInternalRecursion' to increase the limit if necessary. Use 'LogLevel debug' to get a backtrace.
[Mon Aug 13 01:13:46.362524 2018] [core:error] [pid 19557] [client 173.208.200.154:47426] AH00124: Request exceeded the limit of 10 internal redirects due to probable configuration error. Use 'LimitInternalRecursion' to increase the limit if necessary. Use 'LogLevel debug' to get a backtrace.
[Mon Aug 13 01:13:46.362577 2018] [core:error] [pid 19557] [client 173.208.200.154:47426] AH00124: Request exceeded the limit of 10 internal redirects due to probable configuration error. Use 'LimitInternalRecursion' to increase the limit if necessary. Use 'LogLevel debug' to get a backtrace.
[Mon Aug 13 01:13:51.336402 2018] [core:error] [pid 18984] [client 173.208.200.154:47427] AH00124: Request exceeded the limit of 10 internal redirects due to probable configuration error. Use 'LimitInternalRecursion' to increase the limit if necessary. Use 'LogLevel debug' to get a backtrace.
[Mon Aug 13 01:13:51.336459 2018] [core:error] [pid 18984] [client 173.208.200.154:47427] AH00124: Request exceeded the limit of 10 internal redirects due to probable configuration error. Use 'LimitInternalRecursion' to increase the limit if necessary. Use 'LogLevel debug' to get a backtrace.
[Mon Aug 13 01:13:57.531606 2018] [mpm_prefork:notice] [pid 1121] AH00171: Graceful restart requested, doing restart
[Mon Aug 13 01:13:58.282001 2018] [ssl:warn] [pid 1121] AH01909: proxy-subdomains-ssl-default-vhost.localhost:443:0 server certificate does NOT include an ID which matches the server name
[Mon Aug 13 01:13:58.363325 2018] [lbmethod_heartbeat:notice] [pid 1121] AH02282: No slotmem from mod_heartmonitor
[Mon Aug 13 01:13:58.365918 2018] [:notice] [pid 1121] mod_ruid2/0.9.8 enabled
[Mon Aug 13 01:13:58.389948 2018] [mpm_prefork:notice] [pid 1121] AH00163: Apache/2.4.29 (Unix) OpenSSL/1.0.2k-fips mod_bwlimited/1.4 PHP/5.5.38 configured -- resuming normal operations
[Mon Aug 13 01:13:58.389973 2018] [core:notice] [pid 1121] AH00094: Command line: '/usr/local/apache/bin/httpd'
[Mon Aug 13 01:14:00.638851 2018] [core:error] [pid 27060] [client 173.208.200.154:47429] AH00124: Request exceeded the limit of 10 internal redirects due to probable configuration error. Use 'LimitInternalRecursion' to increase the limit if necessary. Use 'LogLevel debug' to get a backtrace.
[Mon Aug 13 01:14:00.638942 2018] [core:error] [pid 27060] [client 173.208.200.154:47429] AH00124: Request exceeded the limit of 10 internal redirects due to probable configuration error. Use 'LimitInternalRecursion' to increase the limit if necessary. Use 'LogLevel debug' to get a backtrace.
[Mon Aug 13 01:14:04.879195 2018] [core:error] [pid 27059] [client 173.208.200.154:47430] AH00124: Request exceeded the limit of 10 internal redirects due to probable configuration error. Use 'LimitInternalRecursion' to increase the limit if necessary. Use 'LogLevel debug' to get a backtrace.
[Mon Aug 13 01:14:04.879301 2018] [core:error] [pid 27059] [client 173.208.200.154:47430] AH00124: Request exceeded the limit of 10 internal redirects due to probable configuration error. Use 'LimitInternalRecursion' to increase the limit if necessary. Use 'LogLevel debug' to get a backtrace.
[Mon Aug 13 01:14:08.765251 2018] [core:error] [pid 27061] [client 173.208.200.154:47431] AH00124: Request exceeded the limit of 10 internal redirects due to probable configuration error. Use 'LimitInternalRecursion' to increase the limit if necessary. Use 'LogLevel debug' to get a backtrace.
[Mon Aug 13 01:14:08.765335 2018] [core:error] [pid 27061] [client 173.208.200.154:47431] AH00124: Request exceeded the limit of 10 internal redirects due to probable configuration error. Use 'LimitInternalRecursion' to increase the limit if necessary. Use 'LogLevel debug' to get a backtrace.
[Mon Aug 13 01:14:12.193116 2018] [core:error] [pid 27058] [client 173.208.200.154:47432] AH00124: Request exceeded the limit of 10 internal redirects due to probable configuration error. Use 'LimitInternalRecursion' to increase the limit if necessary. Use 'LogLevel debug' to get a backtrace.
[Mon Aug 13 01:14:12.193208 2018] [core:error] [pid 27058] [client 173.208.200.154:47432] AH00124: Request exceeded the limit of 10 internal redirects due to probable configuration error. Use 'LimitInternalRecursion' to increase the limit if necessary. Use 'LogLevel debug' to get a backtrace.
[Mon Aug 13 01:14:16.840010 2018] [core:error] [pid 27058] [client 173.208.200.154:47438] AH00124: Request exceeded the limit of 10 internal redirects due to probable configuration error. Use 'LimitInternalRecursion' to increase the limit if necessary. Use 'LogLevel debug' to get a backtrace.
[Mon Aug 13 01:14:16.840057 2018] [core:error] [pid 27058] [client 173.208.200.154:47438] AH00124: Request exceeded the limit of 10 internal redirects due to probable configuration error. Use 'LimitInternalRecursion' to increase the limit if necessary. Use 'LogLevel debug' to get a backtrace.
[Mon Aug 13 01:14:21.608923 2018] [core:error] [pid 27060] [client 173.208.200.154:47440] AH00124: Request exceeded the limit of 10 internal redirects due to probable configuration error. Use 'LimitInternalRecursion' to increase the limit if necessary. Use 'LogLevel debug' to get a backtrace.
[Mon Aug 13 01:14:21.608970 2018] [core:error] [pid 27060] [client 173.208.200.154:47440] AH00124: Request exceeded the limit of 10 internal redirects due to probable configuration error. Use 'LimitInternalRecursion' to increase the limit if necessary. Use 'LogLevel debug' to get a backtrace.
[Mon Aug 13 01:14:26.180337 2018] [core:error] [pid 27057] [client 173.208.200.154:47532] AH00124: Request exceeded the limit of 10 internal redirects due to probable configuration error. Use 'LimitInternalRecursion' to increase the limit if necessary. Use 'LogLevel debug' to get a backtrace.
[Mon Aug 13 01:14:26.180434 2018] [core:error] [pid 27057] [client 173.208.200.154:47532] AH00124: Request exceeded the limit of 10 internal redirects due to probable configuration error. Use 'LimitInternalRecursion' to increase the limit if necessary. Use 'LogLevel debug' to get a backtrace.
[Mon Aug 13 01:14:29.470024 2018] [core:error] [pid 27061] [client 173.208.200.154:47534] AH00124: Request exceeded the limit of 10 internal redirects due to probable configuration error. Use 'LimitInternalRecursion' to increase the limit if necessary. Use 'LogLevel debug' to get a backtrace.
[Mon Aug 13 01:14:29.470122 2018] [core:error] [pid 27061] [client 173.208.200.154:47534] AH00124: Request exceeded the limit of 10 internal redirects due to probable configuration error. Use 'LimitInternalRecursion' to increase the limit if necessary. Use 'LogLevel debug' to get a backtrace.
[Mon Aug 13 01:14:33.680224 2018] [core:error] [pid 27058] [client 173.208.200.154:47535] AH00124: Request exceeded the limit of 10 internal redirects due to probable configuration error. Use 'LimitInternalRecursion' to increase the limit if necessary. Use 'LogLevel debug' to get a backtrace.
[Mon Aug 13 01:14:33.680273 2018] [core:error] [pid 27058] [client 173.208.200.154:47535] AH00124: Request exceeded the limit of 10 internal redirects due to probable configuration error. Use 'LimitInternalRecursion' to increase the limit if necessary. Use 'LogLevel debug' to get a backtrace.
[Mon Aug 13 01:14:37.845488 2018] [core:error] [pid 27057] [client 173.208.200.154:47536] AH00124: Request exceeded the limit of 10 internal redirects due to probable configuration error. Use 'LimitInternalRecursion' to increase the limit if necessary. Use 'LogLevel debug' to get a backtrace.
[Mon Aug 13 01:14:37.845555 2018] [core:error] [pid 27057] [client 173.208.200.154:47536] AH00124: Request exceeded the limit of 10 internal redirects due to probable configuration error. Use 'LimitInternalRecursion' to increase the limit if necessary. Use 'LogLevel debug' to get a backtrace.
[Mon Aug 13 01:14:41.324264 2018] [core:error] [pid 27061] [client 173.208.200.154:47552] AH00124: Request exceeded the limit of 10 internal redirects due to probable configuration error. Use 'LimitInternalRecursion' to increase the limit if necessary. Use 'LogLevel debug' to get a backtrace.
[Mon Aug 13 01:14:41.324321 2018] [core:error] [pid 27061] [client 173.208.200.154:47552] AH00124: Request exceeded the limit of 10 internal redirects due to probable configuration error. Use 'LimitInternalRecursion' to increase the limit if necessary. Use 'LogLevel debug' to get a backtrace.
[Mon Aug 13 01:14:45.379189 2018] [core:error] [pid 27060] [client 173.208.200.154:47553] AH00124: Request exceeded the limit of 10 internal redirects due to probable configuration error. Use 'LimitInternalRecursion' to increase the limit if necessary. Use 'LogLevel debug' to get a backtrace.
[Mon Aug 13 01:14:45.379241 2018] [core:error] [pid 27060] [client 173.208.200.154:47553] AH00124: Request exceeded the limit of 10 internal redirects due to probable configuration error. Use 'LimitInternalRecursion' to increase the limit if necessary. Use 'LogLevel debug' to get a backtrace.
[Mon Aug 13 01:14:49.343538 2018] [core:error] [pid 27059] [client 173.208.200.154:47554] AH00124: Request exceeded the limit of 10 internal redirects due to probable configuration error. Use 'LimitInternalRecursion' to increase the limit if necessary. Use 'LogLevel debug' to get a backtrace.
[Mon Aug 13 01:14:49.343624 2018] [core:error] [pid 27059] [client 173.208.200.154:47554] AH00124: Request exceeded the limit of 10 internal redirects due to probable configuration error. Use 'LimitInternalRecursion' to increase the limit if necessary. Use 'LogLevel debug' to get a backtrace.
[Mon Aug 13 01:14:52.567360 2018] [core:error] [pid 27058] [client 173.208.200.154:47555] AH00124: Request exceeded the limit of 10 internal redirects due to probable configuration error. Use 'LimitInternalRecursion' to increase the limit if necessary. Use 'LogLevel debug' to get a backtrace.
[Mon Aug 13 01:14:52.567444 2018] [core:error] [pid 27058] [client 173.208.200.154:47555] AH00124: Request exceeded the limit of 10 internal redirects due to probable configuration error. Use 'LimitInternalRecursion' to increase the limit if necessary. Use 'LogLevel debug' to get a backtrace.
[Mon Aug 13 01:14:57.206291 2018] [core:error] [pid 27065] [client 173.208.200.154:47557] AH00124: Request exceeded the limit of 10 internal redirects due to probable configuration error. Use 'LimitInternalRecursion' to increase the limit if necessary. Use 'LogLevel debug' to get a backtrace.
[Mon Aug 13 01:14:57.206344 2018] [core:error] [pid 27065] [client 173.208.200.154:47557] AH00124: Request exceeded the limit of 10 internal redirects due to probable configuration error. Use 'LimitInternalRecursion' to increase the limit if necessary. Use 'LogLevel debug' to get a backtrace.
